. Suppose 574 = 2*k + q - 651, -4*q - p = -3*k. What is the units digit of k?
5
What is the thousands digit of 6814/(-20)*55/(-22)*20?
7
Suppose -1018837 = -7*s - 11*s - 98407. What is the tens digit of s?
3
Let c be (0 + 1)/((-5)/(-285)). Let d = c - 58. What is the units digit of 4*70/4 + (1 - d)?
2
Suppose -5*u + 4*m = 69, -11*u + 7*u = 4*m + 84. Let p(t) = 2*t**3 + 35*t**2 + 9*t - 56. What is the units digit of p(u)?
0
Let t = -637 - -651. What is the tens digit of 9514/t - (-12)/(-21)?
7
Let q = 647 + -280. Suppose j + 31 = -3*d + q, 5*d - 5*j - 540 = 0. Suppose 55*u + d = 56*u. What is the hundreds digit of u?
1
What is the hundreds digit of (-15)/105 + (-1 - 299923/(-7))?
8
Suppose -y + 5*t = -3*y - 14, -y + 5*t = -23. Suppose -4*g - y*l = -23, -l + 16 - 1 = 5*g. What is the units digit of 12/(g/4*(4 + -3))?
4
Suppose 1736 = 37*w - 35*w. Suppose 4*m - 388 - w = 0. What is the units digit of m?
4
Let y(l) = -1975*l**3 + 4*l**2 + 13*l + 24. Let a(f) = -658*f**3 + f**2 + 4*f + 7. Let t(q) = 7*a(q) - 2*y(q). What is the hundreds digit of t(-1)?
6
Let a(m) = 22 - 24*m**2 + 23*m + 3 - 359*m**3 + 360*m**3. What is the units digit of a(23)?
5
Let y be 14997/12 - 4/(-8*2). Suppose -i - 14 + 264 = -5*d, 5*i = 3*d + y. Suppose -i - 290 = -2*r. What is the tens digit of r?
7
Let d(z) = 584*z - z**3 + 590*z - 1169*z - 3*z**2 - 3. What is the hundreds digit of d(-11)?
9
Suppose 4*n = 146 - 22. Suppose 2292 = -n*h + 35*h. What is the units digit of h?
3
Suppose 0 = -2*h - 7*h + 306. Let z = h + -22. Suppose 0 = z*q - 526 + 22. What is the units digit of q?
2
Suppose -174*v - w = -177*v + 160, 3*w = v - 64. What is the units digit of v?
2
Suppose -4*u + 11*u - 11*u = 0. Suppose -6115 = -5*k - 9*d + 6*d, u = 5*k - 4*d - 6080. What is the hundreds digit of k?
2
Suppose -3142 - 8540 = -11*n. What is the tens digit of n?
6
Let x = -44 - -25. What is the tens digit of (-1824)/x*(-14)/(-4)?
3
Let z(u) = -u + 9. Let s be z(0). Let q be (-30)/(-18) - (-3)/s. Suppose 254 = 5*y - 0*n - 2*n, -5*n = q*y - 90. What is the tens digit of y?
5
Let z(d) be the third derivative of 0 + 44*d**2 - 47/6*d**3 + 1/4*d**4 + 0*d. What is the units digit of z(9)?
7
Let r(p) = 2*p**2 - 8*p - 61. Let u be r(8). Let s(t) = -6*t + 4*t + 7*t**2 + t. What is the units digit of s(u)?
0
Let l = -82 - -78. Let d(g) = -2*g**3 - 3*g**2 + 5*g + 1. Let n be d(l). Let u = -48 + n. What is the tens digit of u?
1
Let f = -429 - -1356. Let p = -285 + f. What is the hundreds digit of p?
6
Let b(o) = -11*o**2 + 28 - o + o**3 + 9*o - 5. Let s be 3/(45/(-600)*-4). What is the units digit of b(s)?
3
Suppose 0 = -22*z + 52152 + 29687 + 18943. What is the thousands digit of z?
4
Let n(g) be the second derivative of -9*g**5/20 - 5*g**4/12 - 2*g**3/3 + g**2 + g - 5. What is the units digit of n(-3)?
2
Let o(a) = -2*a**3 - a**2 + 12*a + 11. Let x be o(-6). Suppose -t - 109 = -x. Suppose -4*s - l + t = -4*l, -2 = -l. What is the tens digit of s?
5
Suppose 3*h + a = -2, h + 26 = -4*h + 4*a. Let r be (-1)/h - (-9)/(-18). Suppose -4*s + 3*k = -883, -5*s + 1075 = -r*s + 2*k. What is the hundreds digit of s?
2
Let z be (6 - (-8 - -9)) + -5. Suppose -9*q + 9361 - 235 = z. What is the tens digit of q?
1
Let t(q) = 22*q**3 - 108*q**2 - 6*q + 5. What is the hundreds digit of t(7)?
2
Suppose -y + 5*b + 115 = -2*y, 5*y - 5*b = -575. What is the units digit of 92/y*(-815)/2?
6
Let u be (7/(-5))/(9/(-45)). What is the units digit of 1644/(28/u) - 4?
7
Let p be 46/11 + 17/((-187)/2). Suppose 2*j - 4*a - 274 = 0, -p*a = 2*j - 221 - 61. What is the tens digit of j?
3
Let m(c) = -3427*c - 7830. What is the tens digit of m(-10)?
4
Let w be (-17)/(4/(-24)*3). Suppose -2 = -l, -3*l = -4*q - 6*l + w. Suppose 121 = 2*i + q. What is the units digit of i?
7
Let m = -7855 + 12307. Suppose 1092 = 21*n - m. What is the tens digit of n?
6
What is the tens digit of (-19 - -7222) + (2 + -2)/1?
0
Let z(l) = -3*l - 12. Let n(o) = 1. Let h(s) = -n(s) - z(s). Let u be h(-3). What is the units digit of (-2 + 3/u)*-156?
8
Let k(v) = v**3 + 7*v**2 - 2*v + 17. Let g be 132/(-20) + 60/(-25) + 2. What is the units digit of k(g)?
1
Suppose -2*g - 58 + 860 = -3*p, -1626 = -4*g - 5*p. Suppose r = 3*h - g, -4*r = -h + 10 + 110. What is the units digit of h?
6
Suppose 5*z - 1279 = 2901. Suppose d + 5*j - z = 9*j, d + 5*j - 809 = 0. What is the hundreds digit of d?
8
Let d(x) = 32*x**2 + 3*x. Let w be (94/2)/(2 - 1). Let n = 49 - w. What is the units digit of d(n)?
4
Let x = 39877 - -4240. What is the ten thousands digit of x?
4
Suppose 998941 = 142*s + 374425. What is the tens digit of s?
9
Suppose -95*h + 46*h + 119609 = 0. What is the hundreds digit of h?
4
Let y be 10 + (2 - 2)/(33/11). Suppose 3*v + y*i - 6*i - 1714 = 0, -5*v - 2*i + 2838 = 0. What is the units digit of v?
6
Let p(b) = 2*b**2 + 33*b + 31. Let u be p(-16). Suppose 0 = -u*c + 1362 + 2283. What is the units digit of c?
3
Let g = 149 - 146. Suppose -4*j - 3 = t, -4*t + 8 + 20 = -4*j. What is the tens digit of 3 - (-8 - 2/(g - t))?
1
Let m be (-2 + 1 + 0 + 0)*-3. Suppose 16359 = -3*w + m*u, -2*u + 21830 = -4*w - 4*u. What is the units digit of (-2)/17 - w/136?
0
Let q = 105272 - 39916. What is the ten thousands digit of q?
6
Suppose 32645 = 9*d - 15985 - 17313. What is the thousands digit of d?
7
Suppose 180 = -4*o + 13*o. Let c(p) = p**2 + 40*p - 53. What is the hundreds digit of c(o)?
1
Let m(l) = 46*l**2 + 2*l - 29. Suppose 5*f + 43 = 63. What is the units digit of m(f)?
5
Suppose 2*w - 6*w - 5*d = -70121, 35061 = 2*w + 3*d. Suppose w - 708 = 27*p. What is the hundreds digit of p?
6
Suppose 2*o - 4 = -4*q, 3*o - 2*o + 3*q = -3. Suppose 0 = -11*g + o*g - 4. Suppose -34 = -2*y - 5*t + 43, y + g*t = 43. What is the tens digit of y?
3
Let d(a) = -a**2 + 7*a + 147. Let t be d(-9). Let o(l) = -3*l**3 - 3*l**2 + 2*l - 6. Let u be o(-5). Suppose -t*j + u + 73 = 0. What is the tens digit of j?
1
What is the thousands digit of (23 - 13) + 4556/4?
1
Let s(w) = 4*w**2 - 4*w - 55 + 213 - 6*w. What is the hundreds digit of s(10)?
4
Let g(r) = 38*r**3 - 248 + 4*r + 250 - 176*r**3 + 3*r**2. Let y(x) = -x - 4. Let s be y(-3). What is the tens digit of g(s)?
3
Suppose 0 = -2*y - 10*w + 12298, -2*y - w = -6643 - 5709. What is the tens digit of y?
7
Suppose 0 = 4*r + 16, -5*n + 4*r + 734 = -3*n. Suppose -5*m = d - 0*d - 67, -5*d - m + n = 0. Suppose 0 = 5*l - 33 - d. What is the units digit of l?
1
Let k(j) = j**2 + 3*j - 8. Let g be k(-6). Suppose 97*l - 72*l - 75 = 0. What is the tens digit of (-7*l)/((-15)/g)?
1
Let t(f) = f**2 + 7*f + 1. Let u be t(-10). Suppose u*h = 8402 + 433. What is the units digit of h?
5
Let f(s) = -s. Let x be f(-9). Let n = -10 + 12. Suppose -n*c + c = -x. What is the units digit of c?
9
Suppose 2*i - 8585 = -771. Suppose 0 = -15*w + i + 2873. What is the units digit of w?
2
Suppose 0 = 3*d - 6 + 9. Let g be 58/5 - (d - 18/(-30)). Suppose -g = 5*f - f, u - 4*f - 79 = 0. What is the units digit of u?
7
Let w(v) = v - 27*v - 4*v - 63. What is the units digit of w(-3)?
7
Suppose 2*z = -2*z + 24. Let c(i) = 3*i**2 - 7*i - 7. Let r be c(z). Suppose -k - 6 = -r. What is the units digit of k?
3
Let w be 8/52*1 - 343248/(-26). Suppose 15*l + w = 38*l. What is the units digit of l?
4
Suppose -27*z = 119030 - 449105. What is the hundreds digit of z?
2
Let m = -3455 + 16310. What is the ten thousands digit of m?
1
Let r = 26 + -25. Suppose 0 = 3*p + 2*z - 41, -z + r + 0 = 0. Let h = 101 + p. What is the units digit of h?
4
Let u be (-8)/(-16) - -14*3/(-12). Let t be u + (-14)/(-4) + 13/(-2). What is the units digit of 3/(-9)*t - -123?
5
Suppose 5*c + 105 - 30 = -5*m, -2*c = 5*m + 33. Suppose -g - 2*g + 117 = 0. Let z = c + g. What is the units digit of z?
5
Let c = -275 + 285. Let u(r) = 11*r**2 - 3*r - 60. What is the units digit of u(c)?
0
Suppose q = -3*u - 7656, -5*q - u + 24568 = 62904. What is the tens digit of q/(-27) - (-6 - 0)?
9
Suppose 0*y = 6*y - 282. Let f = y - -25. What is the units digit of f?
2
Let z = 133 - 115. Suppose z*x = 15*x + 1467. What is the units digit of x?
9
Let d be ((-75)/3)/(-5) - 2. Suppose -4*m + 7*m - 1502 = -4*x, 4 = -x. Suppose -d*j + 0*c + 292 = -4*c, -m = -5*j - 3*c. What is the hundreds digit of j?
1
What is the tens digit of -260735*((5